value of -1 + 2 + 2 + -7?
-4
What is 2 + (-13 + 8 - -8)?
5
What is -7 - ((22 - 27) + 1 + 1)?
-4
Calculate 0 + -3 + (0 - 4) + 4.
-3
What is the value of (0 - 4) + (-7 - (6 + -17))?
0
What is -3 - (-5 - -2 - -3)?
-3
What is (3 - 20) + 8 + 4?
-5
17 + (7 - (10 + 5))
9
What is 10 - (7 + -2 - (2 + 0))?
7
(-2 - -3) + -3 - -2
0
Evaluate (-3 - -7) + -8 + 5.
1
What is the value of 8 - (9 - (8 + -12))?
-5
Evaluate -1 - -6 - (1 + 2) - 5.
-3
Evaluate 7 + (-17 - 4 - -6) + 3.
-5
What is the value of -11 + 14 + 1 + -12?
-8
Calculate -2 + (-2 - 0) + 2 + 0.
-2
What is the value of 2 + 0 + -1 + -2?
-1
Calculate (10 - 3) + -9 - 1.
-3
Calculate -11 - -8 - (0 + -12).
9
What is the value of -3 - 1 - (146 + -152)?
2
Calculate 6 - ((-7 - -6) + 13).
-6
Evaluate (6 - 2) + (5 - 0 - 13).
-4
What is the value of 1 + 1 - (6 + -6 + 2)?
0
Calculate 7 - 1 - (-4 - (-15 - -1)).
-4
What is (2 - -5) + -31 + 23?
-1
(9 - 2) + (1 - (6 - 6))
8
-2 + 4 - (-4 - (-13 + 5))
-2
Calculate -1 + 3 + -1 + -2 - -5.
4
4 - (-5 - (11 - 12))
8
Evaluate (3 - (4 - -2)) + 4.
1
0 + -2 + -1 + 4
1
What is the value of -86 + 78 + -2 + (0 - -5)?
-5
1 + -1 + -176 + 169
-7
What is the value of (1 + 8 - 2) + (3 - 3)?
7
Evaluate -3 - -5 - (3 - -4) - 0.
-5
-17 + 21 - ((-1 - 1) + 2)
4
What is the value of -1 + 2 + 17 + -12?
6
Calculate 0 - 0 - (0 + (-4 - 1)).
5
Calculate (2 + 1 - (18 + -11)) + 5.
1
Calculate -5 - (0 + -1 - (-3 + 6)).
-1
Calculate 7 + -1 - (74 + -65).
-3
Evaluate -6 + (1 - -3) + -1.
-3
What is (4 - (-2 + 7)) + 1?
0
Calculate 14 + -16 + 0 + 9 + -3.
4
What is the value of 4 + (-1 - 0 - (4 + -5))?
4
What is (5 + -3 - 0 - 5) + -2?
-5
Evaluate 5 + (6 - 10 - -9) + -8.
2
What is the value of -1 + -4 + 5 + -4?
-4
What is -2 - (-1 + 1 - 1)?
-1
(-3 - (-9 + -4 + 4)) + -2
4
2 - (1 - (0 - 3))
-2
What is (-4 - 4) + -4 + 10?
-2
Calculate 5 + -5 + -2 + (4 - -2).
4
Calculate (-12 - 1) + 8 - 4.
-9
Calculate (1 - -2) + (2 - 3 - 3).
-1
Evaluate (2 - -7 - 2 - 6) + 4.
5
Calculate -2 - (3 + -8) - (-4 - -8).
-1
What is 3 - (-7 + (-4 - 0 - -17))?
-3
(0 - 3) + -3 - (-12 - -9)
-3
(-3 - 1) + -4 + 1 - -1
-6
-4 + -1 - -2 - -6
3
Calculate (1 - 12 - -3) + 17 + -12.
-3
6 - (1 + 2 + 1)
2
What is the value of -3 - -4 - (4 + -8)?
5
What is the value of -1 - (-5 - (-3 - 2))?
-1
What is 16 + -17 - (-3 - -1)?
1
-4 + 1 - (7 + (-10 - -1))
-1
What is (8 - 4) + -2 + 0?
2
Calculate 1 + 3 + (6 - 4).
6
Calculate -158 + 154 + 1 + -2.
-5
What is the value of 1 + -6 - (-5 + 5 + -5)?
0
What is the value of 3 - ((-20 - -16) + 1 + 2)?
4
Evaluate (-2 - (-6 - -4)) + 5.
5
Calculate -6 - (-10 - -1) - 6.
-3
Evaluate -12 + 5 + 11 + -13.
-9
Calculate -3 - (-13 - -5) - (1 + 2).
2
(2 + (5 - 8) - 0) + -5
-6
Calculate (-3 - -14) + -16 + (-4 - -3).
-6
Calculate 22 - 27 - (1 + -1).
-5
What is (-19 - -17) + 2 + 0 + 3?
3
0 - (-1 + -2 + 4 + -3)
2
Calculate -1 - (0 - (5 + -5)).
-1
What is -3 - -1 - (1 + -8)?
5
70 + -79 - (-2 - 16)
9
What is 28 - 33 - (-2 + 4)?
-7
What is -3 + (3 - -4) + -3?
1
What is the value of 5 + -9 + (0 - 0)?
-4
13 + 2 + -11 - 3
1
What is 10 - 5 - 10 - -6?
1
Evaluate -3 + -2 + (-3 - -5).
-3
Evaluate 3 - (6 + -13) - 5.
5
What is the value of (6 + (0 - 3) - -1) + -2?
2
Evaluate -1 + 8 + (1 - 3).
5
What is the value of 4 + -2 - (10 - 3)?
-5
What is the value of 4 + (5 - 0) + -7 + 8?
10
What is the value of -1 + (4 - 2) + -2?
-1
Evaluate 12 + -3 + 0 + -2.
7
Evaluate 0 + 0 - (20 - 14).
-6
Calculate 4 - 5 - 4 - -3.
-2
What is 2 - (-12 + 6 + 7)?
1
Evaluate (-1 + (9 - 5) - 0) + -3.
0
What is the value of -33 + 41 + -6 + -1?
1
0 + 0 + 4 + -7
-3
-3 - (-3 + -1 + -3) - -1
5
Calculate -2 + 0 + (-18 + 28 - 14).
-6
What is -17 + 19 + -1 + -5?
-4
What is 34 + -34 + 3 + 3?
6
What is (-2 - (-5 - -1)) + 1 + -1?
2
Calculate -1 + (1 - 3) - (-235 + 238).
-6
What is the value of 4 + 0 - (-5 + 11)?
-2
-5 + 1 + 0 + 6 - 6
-4
Calculate 1 + 2 - 4 - 3.
-4
What is the value of (4 - 2) + (-6 - 0) + 1?
-3
What is -2 - (-13 + 8) - 9?
-6
What is the value of (2 - (3 + -4)) + (-1 - 1)?
1
6 + (2 - 9) + 3
2
What is -1 + 8 - 4 - (-2 + 1)?
4
What is -4 - -1 - (5 - (-7 - -12))?
-3
What is -1 + 0 - (-6 + 3 + -1)?
3
What is -6 + (2 + 2 + -1 - 2)?
-5
What is (14 - (-4 - -6)) + -15?
-3
Evaluate 2 + -3 - (0 - -1 - 0).
-2
What is the value of 7 - (-3 - (-9 + 3))?
4
-5 - (-1 - 1 - 0 - 0)
-3
What is -8 + -4 + 3 + 2 + 6?
-1
What is the value of -8 - (5 - (-8 + 13))?
-8
1 + 0 - -2 - (25 + -18)
-4
What is (0 - 5 - -2) + 8?
5
What is the value of -11 + 11 + (3 - 1)?
2
Calculate -3 + 4 + (-2 - 0).
-1
What is the value of -5 - (-5 - (-6 + 4 + -3))?
-5
What is (-11 - 3) + (-27 - -35)?
-6
What is the value of 2 + 4 + -5 + (-3 - -3)?
1
21 + -9 + 1 + -5
8
What is 5 - (-9 + 6 + 4)?
4
Evaluate -10 + -2 + (-3 - -8) - -6.
-1
What is the value of -12 + 8 - (1 + -1)?
-4
What is (20 - 12) + 0 + -1?
7
Calculate (3 - 7) + -4 - -4.
-4
What is the value of (3 - 0) + (-2 - (6 - 9))?
4
What is the value of -2 + (6 - (-2 + 8) - 1)?
-3
What is (1 - 0) + 3 + 2 + -1?
5
What is (-2 + (5 - 1) - -2) + -11?
-7
Evaluate (6 + -1 - (-18 + 16)) + -5.
2
Evaluate 6 - (1 + -2 - 4).
11
Evaluate 3 + (1 + -9 - (-5 + 2)).
-2
Evaluate 9 + (-12 - 10) + 8.
-5
Calculate (3 - (-1 + 3)) + 1 + 0.
2
Evaluate 1 + 1 + (0 - 10).
-8
What is 1 + (-2 + -4 + 4 - 1)?
-2
What is the value of -2 - (-3 + 1 + -2 + -2)?
4
What is 0 + 16 + (-2 - (4 - 1))?
11
5 - (1 - (4 + 0 + -3))
5
What is the value of 5 - (3 + 3) - 2?
-3
Evaluate 2 + 3 + -3 - 1.
1
Evaluate 3 - (-4 - -5 - 3).
5
Calculate (2 - -2) + 1 - (4 - 7).
8
What is 2 + (0 - (-3 - -1))?
4
Evaluate (-2 - -1) + (4 + -3 - -3).
3
Calculate -5 + 8 - 2 - 4.
-3
Calculate 6 + 3 + -4 + -14.
-9
What is -2 - (-3 + 2 + 1 + 1)?
-3
Calculate -7 + 4 + -11 + 9.
-5
Evaluate 0 + (-4 + 1 - (-5 - 2)).
4
What is the value of 0 + 2 + -2 + (-1 - -3)?
2
What is the value of 7 + -6 + 2 + 0 + 1?
4
What is the value of 1 - ((2 - 6) + -1 - 2)?
8
17 + -10 + (-2 - (2 - 3))
6
Evaluate (0 - -2) + (-1 - (4 + -3)).
0
What is the value of 1 + (13 - 9) + (3 - 3)?
5
Evaluate 1 + 3 + (1 - 6).
-1
What is 5 - (3 + -2) - 0?
4
4 + 14 + -13 + 3
8
(-10 - (2 + -6)) + 4 + -3
-5
Evaluate 4 + -21 + 3 + 9.
-5
Calculate 2 - -4 - (24 + -15).
-3
-9 + 6 - (-1 - 0 - 2)
0
-3 - (9 - (5 - -3 - 0))
-4
Evaluate (7 - 3) + -3 - (2 - -1).
-2
-11 - -8 - (2 - (-1 - -1))
-5
What is 0 + -2 + 3 + 1 + -2?
0
Evaluate (4 - (-6 + 1)) + 1 + -8.
2
What is the value of 2 - (0 - (-1 + -2) - 2)?
1
What is the value of 7 + -2 - (17 + -12)?
0
4 - 4 - (-2 + 2)
0
Evaluate -11 + 2 + -7 + 12 + 6.
2
What is 4 + (6 + -5 - 0)?
5
Calculate 3 - (-1 + 5 + -2) - 5.
-4
What is the value of (8 - (7 + (-6 - -4))) + -5?
-2
What is (2 - 4) + 2 - 3?
-3
What is 2 + 1 - (16 - 17)?
4
Calculate (0 - 0) + -1 + 2.
1
What is (3 + -2 + 1 - 2) + 3?
3
What is -7 + (2 - (-1 - -2)) + 1?
-5
Calculate -4 + 2 + (5 - 7) + 1.
-3
Calculate -5 - 6 - (7 - 3 - 8).
-7
What is the value of -4 - (0 - (0 + 2 + -3))?
-5
-10 - (0 - (0 + (11 - 3)))
-2
Evaluate -1 + 1 - 4 - -3.
-1
What is 1 - (-6 - (8 - 19))?
-4
Calculate (6 - 1) + 5 + (4 - 7).
7
(15 + -14 - (1 - -5)) + 10
5
What is the value of -1 - 2 - (-1 + 2 - 1)?
-3
Evaluate (9 - 0) + -34 + 23.
-2
What is the value of (8 - 14) + -2 + 9?
1
Calculate (-8 - -11 - 9) + -2 + 1.
-7
Evaluate -1 + -4 + (2 - -4 - 4).
-3
2 + -4 + 0 + 5 + -3
0
-4 + (2 - 0) + -1 + -1
-4
What is -129 + 134 + 1 + (-1 - 5)?
0
Calculate -4 + (8 + 7 - 6) + -7.
-2
What is the value of 18 + -10 - (7 - 2)?
3
What is the value of (-1 + 2 - (-8 + 11)) + 3?
1
Calculate 10 + (4 - (-3 + 11)).
6
Calculate -2 + 1 - (-188 - -181).
6
Calculate 2 - (3 - 5) - -1.
5
What is (8 - (-13 - -8)) + -6 - -2?
9
What is the value of -10 - (4 + (-8 - 0))?
-6
Evaluate (2 + -5 - 0) + 2.
-1
What is 13 - 6 - (-1 + (3 - 1))?
6
What is the value of -2 + -7 + (7 - -5)?
3
Evaluate 3 + (3 - 0) + -4.
2
Evaluate (0 - (-3 + -2)) + -4.
1
Evaluate 1 - (2 - (-5 - (-12 - -6))).
0
Calculate 0 + -1 + -34 + 28 - -14.
7
What is the value of -2 - (-3 - (-11 + 10))?
0
32 + -38 + (-1 - -2)
-5
Calculate 6 + 13 + -4 - (5 + 1).
9
Calculate (-12 - -11) + -6 + 7.
0
Evaluate -1 + -1 - (0 + -4 + 7).
-5
4 - (2 - -3) - (-3 - 0)
2
Evaluate 2 + -1 - (-93 + 97).
-3
What is the value of -1 + 2 + -3 - -2 - -2?
2
What is (2 + 3 - 8) + (3 - 2)?
-2
What is the value of (14 - 7) + -3 - (0 - -3)?
1
Calculate (-3 - -5) + (4 - 3).
3
What is the value of 1 + -1